 -38) + (4 - 2)?
0
What is the value of (-11 - -3) + (10 - (4 - 0))?
-2
Calculate -21 + 17 + 13 + -6 + -1.
2
-2 + 4 - (-1 - 2) - (13 + -16)
8
Calculate -16 - (3 + 3 + -17 + 7).
-12
What is the value of (-10 - (-8 + (17 - 24))) + -1 + 10?
14
What is 10 + (9 + 0 - 55) - -10?
-26
What is the value of (25 - (-4 + 29)) + (2 - 2)?
0
Evaluate -12 - (13 + -14 - 4 - -6).
-13
Calculate -13 + 7 + -4 + -2 - -5.
-7
19 - (29 + -12 + -26)
28
What is the value of (-2 - 0) + 2 + 674 + -673?
1
Calculate -1 + 1 + -16 + (-48 - -56).
-8
What is -3 + (10 - (9 - (0 - (6 - 10))))?
2
13 + -34 + 10 + 9
-2
Calculate -42 - (11 + (-20 - -7) + -9).
-31
Evaluate 3 + (-11 - (-33 + 14)).
11
What is -44 + 17 - -87 - 41?
19
What is the value of -8 + 5 + 1 + -5 - -4 - -11?
8
Evaluate -8 + (-15 + -3 + 13 - (1 + -5)).
-9
What is the value of 20 - ((7 - -17) + -18)?
14
What is 6 - 17 - (6 + 3 + (-6 - -4))?
-18
Calculate -12 + (7 - (-17 - 0)).
12
What is the value of (-12 - (-5 + 6)) + -4?
-17
Evaluate -7 + (13 - 9) + -10 + 6.
-7
What is the value of 8 + 4 + -1 + -6?
5
Evaluate -7 + -2 - (-15 + -3 - -10).
-1
-35 - -11 - -17 - -9 - (1 - -13)
-12
Evaluate -9 + (4 - 7 - 1) + (8 - -2).
-3
Evaluate (385 - 386) + (0 - 22).
-23
-4 - 1 - (7 + 2 - 8)
-6
What is the value of -1 + -27 + 1 + -86 + -30 + 120?
-23
What is (9 - 17) + -15 - -16?
-7
Evaluate 1 + 1 + -28 + 4 + 19 + 4.
1
Calculate (-11 - (-3 + 1)) + 20 + -31 + 16.
-4
What is 87 + -87 + 8 + 0?
8
What is the value of (3 + (1 - 7) - (-6 + 12)) + 13?
4
(24 - 67) + 26 + 3
-14
8 - ((-3 - -11) + -11) - 12
-1
-8 - (-5 + -14 + 8 + 2)
1
What is -39 + 9 + 51 + -12?
9
What is the value of 10 - (9 + (-10 - -3) + 24)?
-16
What is the value of 1 - 12 - (18 + -18 - (0 - -2))?
-9
12 + (16 - 24) + (0 - (-3 - -23))
-16
16 + 8 + -27 + (14 - 1)
10
What is the value of -14 + 1 + 25 + -23 + (4 - 4)?
-11
What is the value of 8 - (2 + (1 - -5 - (49 - 43)))?
6
What is the value of 1 + 55 + -38 + -16?
2
What is the value of 19 + -69 + 25 - -14?
-11
What is -4 - 1 - -9 - (-6 - (-6 - -8))?
12
Calculate (0 - 1) + 5 + (0 + -2 - -9).
11
-2 - (10 + (-6 - ((0 - 7) + 4)))
-9
Calculate 0 + 10 + 18 + -5 + (20 - 13).
30
What is -10 + 2 + (-11 - -9 - -11) + -5?
-4
Evaluate (-2 - 5) + 15 + 4.
12
(-8 - (10 + 6)) + 12
-12
24 - 22 - -23 - 19
6
Calculate -14 + (-15 + 5 - -41).
17
Calculate -15 + -1 + 32 + (45 - 56).
5
Evaluate (3 - 18 - (8 + -7 + 4)) + -3.
-23
What is the value of 6 + -4 + -7 - (2 - 0 - -1)?
-8
Evaluate 55 + -60 - (14 + 3 - 5).
-17
What is 19 - 0 - (3 + (-1 - -1)) - 6?
10
What is the value of 15 + (0 - 6) + -10 + 9?
8
What is the value of 24 - (-5 + (6 + -19 - -3) + 8)?
31
Calculate (14 - (-1 - (-2 - 2))) + -233 + 242.
20
Calculate -3 + (87 + -76 - (0 - -5)).
3
Calculate 14 - (-6 - 2) - 14 - (-5 - 0).
13
What is 20 - (16 + (-1 - 15))?
20
-7 - -9 - (-8 - (4 + 3 - 2))
15
Calculate 12 - 1 - (40 - 23).
-6
37 + -39 - (14 + (-8 - -1))
-9
Calculate 0 + -9 + 1 - (35 - 35).
-8
0 + -6 - (2 + -10) - -6
8
-14 + (-10 - (-5 + -34 - -5))
10
-4 - 14 - -8 - (6 - -3)
-19
Evaluate -42 + (27 - -29) - 16.
-2
Evaluate (-3 - 14) + -14 + 10.
-21
Calculate (6 - (2 + 1 + 4)) + 3 + 5.
7
What is -3 + -7 - (-5 + 0 - (5 - 3))?
-3
Evaluate 6 - (7 + -17 - -3 - (0 + -12)).
1
Evaluate 18 + 0 + (-7 + 7 - 9).
9
Calculate -6 - (-8 - -14) - (-2 - 7).
-3
Evaluate 0 + (-23 + 13 - -29) + 1 + -4.
16
What is the value of 25 - (62 + -36) - (0 - 0 - -6)?
-7
What is the value of -3 + (-1 - (-16 - (-3 + 7 + -5)))?
11
Calculate -22 - (21 + 8 + -23 + -10 + 1).
-19
Evaluate (-8 - (8 - 17) - 8) + 2.
-5
Calculate (-18 - (12 - 7)) + (-5 - -4).
-24
What is the value of -5 + 2 + 9 + 6 + -8 + 1?
5
What is the value of -11 + 2 - (-7 + 0 + -21 + 29)?
-10
Calculate -39 + (29 - (-10 - -11)).
-11
What is the value of 3 + (-6 - (-4 + 5 - 1))?
-3
Calculate 5 + (38 - 1) + -23.
19
Calculate -23 + (-16 - -22) + 27.
10
Evaluate -22 + -9 + 37 + -14.
-8
What is the value of -4 + 19 + -13 + -2?
0
What is -2 + 2 + (4 - (13 + -6))?
-3
-1 - (13 + (3 - (11 + 1)))
-5
38 - (-3 - ((14 - 14) + -16))
25
(146 - 113) + 0 + -12
21
Evaluate 26 - (2 + 1 + (22 - 35 - -17)).
19
What is -31 - (-41 + 42 + -25)?
-7
(12 - (-15 - (-13 - 26))) + 10
-2
What is the value of 2 + -4 - (9 - 7 - 5) - -2?
3
-17 + (-4 - -3) + 16
-2
Evaluate -14 + 17 - (-2 - (-2 + 3 + 7)).
13
Evaluate -205 + 209 + (3 - (0 - -17)).
-10
What is the value of 10 + (12 - 22) - 8?
-8
What is the value of 11 - (-2 - 12 - -9)?
16
Evaluate -11 + ((1 - -30) + -12 - -1).
9
Calculate -8 + (11 - 4) + (-2 - -3).
0
What is -712 + 670 - (-1 + -30)?
-11
What is -12 - (0 - (-6 - -14 - 5))?
-9
-27 + 17 + -28 + 57
19
Evaluate (0 - (1 + 2 + -5 + 3)) + -11.
-12
What is -15 + -10 + (10 - -3) + 9?
-3
Evaluate 27 - (10 + (-7 - -6)).
18
What is (-6 - -17 - -4) + -2?
13
What is -3 - -2 - -2 - (85 + -85)?
1
What is the value of -955 - -954 - (0 + -6 + -1) - 10?
-4
28 - (-13 - -21) - 19
1
Calculate 0 + 4 + (-20 - -30) + -39.
-25
What is the value of 30 + -78 + 35 + (-1 - -12)?
-2
Calculate 338 - 340 - (2 + 2 + -1).
-5
Evaluate (-2 - 0) + 2 + -4 + 12 + -4.
4
What is the value of 1 - -5 - (-36 - -28) - 32?
-18
What is the value of -7 - ((2 - 6 - -5) + 12 + -18)?
-2
(1 - 14) + (80 - 71) + -9
-13
36 + (9 - 1) + -19 + 0
25
Calculate (22 - -1) + (-3 - (-10 + (10 - -3))).
17
What is the value of -18 + (2 - (-2 + -5) - -15)?
6
What is the value of 7 - (-3 - ((-8 - -6) + -2 + 0))?
6
Evaluate 11 - (-18 + 27) - 5.
-3
What is 205 + -196 + (-5 - -1)?
5
Evaluate 3 + 1 - (6 + 0) - (5 + 1).
-8
Calculate 197 + -205 + (-1 - -22).
13
Calculate -7 - (-16 + 17 + 1).
-9
What is 17 + (-4 - (20 - 21))?
14
What is (-7 - -40) + (-10 - 8 - -8)?
23
What is (-2 - (12 - -6)) + 7?
-13
Calculate 6 + -15 + -9 + 14 + -10.
-14
What is the value of (-11 + -3 - (-25 - -21)) + 15?
5
What is 0 + -7 + 4 + (30 - -4)?
31
What is the value of (0 - (18 + -7)) + -1 + 28?
16
Evaluate 4 + (-16 - -23) + -3.
8
Evaluate (-18 - (-15 - 5) - -8) + 0 + 2.
12
Calculate -3 + (-5 - (-10 + 4 + (-7 - -6))).
-1
Evaluate 17 + -30 + 16 + -5.
-2
What is (-1 - -5) + 23 + (-55 - -28)?
0
What is -2 + -14 - (-11 + 2)?
-7
Calculate 1 + 9 + 2 + -5 - (-6 + 4).
9
What is the value of (1 - 12) + 4 + 1 + -3?
-9
Calculate (-11 - (14 + 4)) + -14 + 5.
-38
(564 - 564) + -10 + (-2 - (0 + -2))
-10
What is 14 - (-26 - -17 - -6)?
17
What is -17 - ((0 - -12) + -33)?
4
(3 - 4) + (-23 - -14) - -3
-7
Evaluate -15 + (7 - (9 - 3)) + 2 + -3.
-15
What is the value of 26 + -8 + (-26 - -19)?
11
What is the value of 0 - (23 + -9 - (13 - -11))?
10
What is -49 + 71 + -26 + (1 - (-1 - 27))?
25
Evaluate (-18 - (-4 - 26)) + 2 + -8.
6
What is -8 + -14 + 37 + -12?
3
Evaluate -10 + (15 - 6) - 11.
-12
2 + -2 + 4 + (-3 + 3 - 3)
1
What is -9 - (-13 + (-1 - -3)) - -13?
15
Evaluate -1 + -5 + (1 + 24 - -3) + -12.
10
What is -8 + (10 - (11 + -2 + 10 + -3))?
-14
What is the value of 21 - (17 - -7) - (4 - 0)?
-7
Evaluate 3 - (108 + -99 + 0 + -14) - 25.
-17
0 - (-5 - (-5 + 8)) - 17
-9
Calculate -725 + 726 - (2 - (7 - 3)).
3
What is the value of 51 + (-4 - 15) + -9?
23
Calculate -6 + (9 - 18) + -2 + -1 + 6.
-12
Evaluate 4 + -13 - (1 + -7) - (0 - 1).
-2
Evaluate 7 - (-42 - (12 - 46)).
15
1 + 4 + 22 + -3 + -7
17
Evaluate (-6 - -37 - 19) + 22.
34
-13 + 10 + 8 - 16
-11
-165 + 158 + (44 - 0)
37
What is (46 - (-7 - -12)) + -48?
-7
What is the value of 50 + (-22 + -16 - -21)?
33
What is 6 - (-1 + -3) - (1 + -3)?
12
What is 15 + (-12 - -16) + (4 - -8)?
31
What is the value of (8 - 7) + (1 - 0) + 5 + -6?
1
-7 + (-4 - (-8 - 5))
2
What is (-1 - 2) + 17 + (9 - -1 - 10)?
14
What is 18 + -52 + 23 + 26?
15
Evaluate -7 - (-8 - (-3 - 1) - (9 + -10)).
-4
What is the value of -20 + (1 - (-4 + 12)) - -16?
-11
What is the value of 1 - (-26 - -4) - (-243 + 249)?
17
Calculate -11 + 8 + (4 - 3) - 3.
-5
Evaluate 3 - ((11 - 3) + -6) - -3.
4
Evaluate 26 - (0 + (-4 - 11) + 23).
18
What is the value of 2 + (3 + -3 - -5 - 15 - 24)?
-32
Evaluate -4 - 21 - (6 - 18).
-13
(6 - (-1 + 2)) + (22 - 28)
-1
What is the value of (-6 - (13 + -22)) + -11?
-8
What is 0 + 15 + (-24 - -9)?
0
(5 - -6) + (12 - 46) + 10
-13
What is 7 + -6 + 0 + (-8 - -2)?
-5
What is 65 + -7 + (3 - 29)?
32
What is the value of (-20 - -18) + (-3 - (6 + -7))?
-4
What is (250 - 246) + (1 - 4 - 2)?
-1
Calculate 11 - 1 - 22 - -11 - 5.
-6
What is the value of -419 - -414 - (-15 - 